ide 496600?
True
Is 136 a factor of 2176792?
False
Is 287325 a multiple of 34?
False
Is 2447116 a multiple of 476?
True
Does 342 divide 592344?
True
Is 3782691 a multiple of 114?
False
Is 23 a factor of 242446?
False
Does 15 divide 355282?
False
Is 392390 a multiple of 594?
False
Does 9 divide 37861?
False
Does 19 divide 12222?
False
Is 20 a factor of 4413580?
True
Is 886641 a multiple of 363?
False
Is 3265804 a multiple of 252?
False
Is 141930 a multiple of 10?
True
Is 126184 a multiple of 62?
False
Is 19 a factor of 965390?
True
Is 6 a factor of 35488?
False
Is 7055398 a multiple of 110?
False
Does 186 divide 2186802?
True
Is 111265 a multiple of 11?
True
Is 67 a factor of 66933?
True
Is 52 a factor of 170872?
True
Does 37 divide 48232?
False
Is 208707 a multiple of 219?
True
Is 859014 a multiple of 234?
True
Does 234 divide 406820?
False
Does 5 divide 104477?
False
Does 1003 divide 454359?
True
Is 163 a factor of 13638373?
True
Is 12 a factor of 2927676?
True
Does 18 divide 644398?
False
Is 40 a factor of 3763040?
True
Does 1464 divide 4037712?
True
Does 302 divide 5027068?
False
Is 2101404 a multiple of 102?
True
Does 32 divide 349138?
False
Is 24 a factor of 1818938?
False
Is 52 a factor of 3622112?
True
Does 27 divide 3320811?
True
Does 6 divide 351013?
False
Is 116563 a multiple of 41?
True
Does 38 divide 1352040?
True
Is 145 a factor of 1889296?
False
Is 8 a factor of 642567?
False
Is 5186454 even?
True
Is 364 a factor of 916916?
True
Does 443 divide 270230?
True
Does 9 divide 50894?
False
Is 584286 a multiple of 9?
False
Is 45 a factor of 139275?
True
Is 473016 even?
True
Is 217170 a multiple of 90?
True
Is 25 a factor of 171250?
True
Is 227892 a multiple of 10?
False
Is 116 a factor of 409807?
False
Does 35 divide 2619715?
True
Is 48740 a multiple of 10?
True
Is 61 a factor of 15612883?
False
Is 542291 a multiple of 33?
False
Is 63 a factor of 8885967?
False
Is 325160 a multiple of 10?
True
Does 405 divide 386389?
False
Is 51 a factor of 224256?
False
Does 13 divide 3360396?
True
Is 28073 a multiple of 67?
True
Is 33 a factor of 2264648?
False
Is 378 a factor of 237188?
False
Is 210 a factor of 66360?
True
Is 13 a factor of 1181066?
False
Does 24 divide 69624?
True
Does 142 divide 516880?
True
Is 12 a factor of 710098?
False
Is 7522347 a multiple of 10?
False
Does 24 divide 146674?
False
Is 3 a factor of 2158?
False
Is 78078 a multiple of 169?
True
Does 581 divide 505470?
True
Is 102 a factor of 6457804?
False
Is 18 a factor of 70740?
True
Is 26 a factor of 24752?
True
Is 34 a factor of 14688?
True
Is 71 a factor of 5673070?
False
Is 305922 a multiple of 67?
True
Is 8 a factor of 2770892?
False
Is 64371 a multiple of 73?
False
Is 8 a factor of 14118?
False
Is 858 a factor of 24187020?
True
Is 4366 a multiple of 74?
True
Is 15 a factor of 7245720?
True
Does 8 divide 214136?
True
Is 406 a factor of 2103327?
False
Is 44240 a multiple of 3?
False
Does 2 divide 6947?
False
Is 634 a factor of 575672?
True
Is 1083 a factor of 5101022?
False
Is 7 a factor of 22832?
False
Does 316 divide 760928?
True
Is 3152497 a multiple of 23?
False
Is 258462 a multiple of 18?
True
Is 126 a factor of 621306?
True
Is 7 a factor of 73290?
True
Is 1109836 a multiple of 429?
False
Is 58 a factor of 1134161?
False
Does 5 divide 1852959?
False
Does 4 divide 1836?
True
Is 7 a factor of 289751?
True
Is 552420 a multiple of 44?
True
Is 2041143 a multiple of 82?
False
Is 68 a factor of 21861456?
True
Does 32 divide 956320?
True
Does 26 divide 5741598?
False
Is 3 a factor of 34998?
True
Is 348 a factor of 70173?
False
Is 409755 a multiple of 23?
False
Is 14 a factor of 866062?
False
Does 46 divide 117162?
True
Is 4403148 a multiple of 115?
False
Is 18301902 a multiple of 74?
True
Is 12 a factor of 9586?
False
Is 33345 a multiple of 13?
True
Is 86958 a multiple of 8?
False
Does 141 divide 9127212?
True
Is 138 a factor of 5449758?
True
Does 15 divide 8031908?
False
Is 64752 a multiple of 213?
True
Is 53 a factor of 1520361?
False
Is 55 a factor of 79967?
False
Is 11 a factor of 3055518?
False
Does 13 divide 33009?
False
Does 167 divide 3284775?
False
Is 139601 a multiple of 77?
True
Is 12460817 a multiple of 26?
False
Is 16 a factor of 10843952?
True
Is 958692 a multiple of 701?
False
Is 9 a factor of 3226096?
False
Is 51 a factor of 4023368?
False
Is 15 a factor of 33090?
True
Does 268 divide 4212468?
False
Is 7406967 a multiple of 20?
False
Does 4 divide 852988?
True
Is 149199 a multiple of 123?
True
Is 20 a factor of 215689?
False
Is 43764 a multiple of 21?
True
Is 3712384 a multiple of 12?
False
Does 152 divide 153784?
False
Is 983379 a multiple of 489?
True
Is 332820 a multiple of 12?
True
Does 16 divide 37967?
False
Is 133 a factor of 90103?
False
Is 1852 a factor of 21233180?
True
Does 151 divide 731293?
True
Does 13 divide 33605?
True
Does 53 divide 187069?
False
Is 9 a factor of 256?
False
Is 17 a factor of 1263695?
True
Is 359 a factor of 48824?
True
Is 889392 a multiple of 84?
True
Is 2540534 a multiple of 5?
False
Is 34 a factor of 162792?
True
Is 3816960 a multiple of 497?
True
Does 86 divide 957524?
True
Is 18 a factor of 8112355?
False
Is 133 a factor of 136857?
True
Is 49 a factor of 589029?
True
Is 44 a factor of 199188?
True
Does 4 divide 164008?
True
Is 4829972 a multiple of 7?
True
Is 2707 a multiple of 167?
False
Is 689850 a multiple of 210?
True
Is 21 a factor of 78871?
False
Does 59 divide 18163?
False
Is 1619847 a multiple of 705?
False
Is 3053 a factor of 24240917?
False
Does 608 divide 14444256?
True
Is 227981 a multiple of 116?
False
Is 823407 a multiple of 331?
False
Is 209781 a multiple of 117?
True
Does 276 divide 5299300?
False
Does 17 divide 861725?
False
Is 2354 a multiple of 2?
True
Is 12 a factor of 23658727?
False
Is 159277 a multiple of 5?
False
Does 86 divide 371434?
True
Is 105742 a multiple of 26?
True
Is 59 a factor of 90978?
True
Is 652002 a multiple of 425?
False
Is 7 a factor of 8591611?
True
Is 1137201 a multiple of 17?
False
Is 23 a factor of 785772?
True
Is 218638 a multiple of 30?
False
Is 211 a factor of 1675569?
False
Is 4381925 a multiple of 657?
False
Does 100 divide 183700?
True
Is 156076 a multiple of 106?
False
Is 25323834 a multiple of 94?
False
Does 145 divide 5201875?
True
Is 2619270 a multiple of 327?
True
Does 6 divide 92514?
True
Does 15 divide 164510?
False
Is 89 a factor of 410984?
False
Is 1828853 a multiple of 149?
False
Is 75 a factor of 433406?
False
Does 851 divide 30042853?
True
Is 54 a factor of 53748?
False
Is 4347415 a multiple of 96?
False
Is 2509918 a multiple of 19?
False
Is 625328 a multiple of 44?
True
Is 200096 a multiple of 30?
False
Is 22 a factor of 31504?
True
Does 96 divide 510912?
True
Is 2457379 a multiple of 13?
False
Is 17 a factor of 4226302?
True
Is 385 a factor of 102919?
False
Is 99004 a multiple of 106?
True
Is 125694 a multiple of 18?
True
Is 1107782 a multiple of 311?
True
Is 3359 a multiple of 3?
False
Is 267 a factor of 69954?
True
Does 107 divide 616213?
True
Is 1854352 a multiple of 184?
True
Does 21 divide 109844?
False
Is 7 a factor of 176379?
True
Is 89 a factor of 11082151?
False
Is 58 a factor of 95932?
True
Is 1662003 a multiple of 777?
True
Is 272 a factor of 3675808?
True
Is 69324 a multiple of 26?
False
Is 82 a factor of 62976?
True
Does 64 divide 263936?
True
Does 25 divide 646876?
False
Is 36 a factor of 65673?
False
Does 17 divide 239830?
False
Is 1522 a factor of 6743409?
False
Does 73 divide 90228?
True
Is 204594 a multiple of 129?
True
Is 13 a factor of 78429?
True
Is 557694 a multiple of 4?
False
Is 62 a factor of 5699164?
True
Is 3639624 a multiple of 201?
False
Is 19 a factor of 327807?
True
Does 25 divide 119001?
False
Does 122 divide 151280?
True
Is 884590 a multiple of 35?
True
Does 14 divide 24458?
True
Does 18 divide 53566?
False
Is 113 a factor of 126786?
True
Is 4162730 a multiple of 143?
True
Is 644363 a multiple of 234?
False
Is 22 a factor of 402072?
True
Is 36 a factor of 171296?
False
Does 36 divide 548964?
True
Does 13 divide 34255?
True
Is 189970 a multiple of 55?
True
Is 699 a factor of 17880420?
True
Is 22 a factor of 448174?
False
Is 17 a factor of 362797?
True
Is 210 a factor of 22680?
True
Does 61 divide 17061765?
False
Is 163 a fac